+ 19. Let p be l(9). Suppose -5*s - 3*w + 44 = 0, -6*w = 2*s - w - p. List the prime factors of s.
2, 5
Let j = 8 + 2. Suppose 4*f + 3*a = 71, a - j = -f + 8. What are the prime factors of f?
17
Suppose 0 = -5*t + 119 + 21. List the prime factors of t.
2, 7
Suppose -6 - 19 = 5*u. Let d(n) = -n**2 - 8*n - 4. List the prime factors of d(u).
11
Suppose 10*r - 13*r + 162 = 0. What are the prime factors of r?
2, 3
Let w(i) be the third derivative of 7*i**5/30 + i**3/6 - 4*i**2. Let l be 2*(-1 - 3/(-2)). List the prime factors of w(l).
3, 5
Suppose -3*m = -m - 20. Suppose 5*k + 47 = 3*r, -r = 2*k + 2*k - m. List the prime factors of r.
2, 7
What are the prime factors of (-34)/(-1) - (2 - 4)?
2, 3
Let j = -6 - -4. What are the prime factors of j*(-1)/4*62?
31
Suppose -6*i + 4*i = 0. Suppose 2*o = -i*o. Let u(r) = -r**3 + r**2 + r + 19. List the prime factors of u(o).
19
Suppose 0 = -5*l - x + 157 + 609, -4*l - 5*x = -617. List the prime factors of l.
3, 17
Suppose 0 = -2*t - 4*l + 20, -5*t = -l - 2*l - 115. Suppose t = 5*g - 5*x - 15, -4*g + 30 = -3*x. What are the prime factors of g?
3
Let n = 31 + -13. What are the prime factors of n?
2, 3
Let m(a) = a - 1. Let v be m(12). Suppose -v*i + 30 = -6*i. What are the prime factors of i?
2, 3
Suppose 3*g = u + 8, 0 = -u + 2*u - 1. What are the prime factors of (3 + -1)*g/2?
3
Let p be -1 - (-4*1 + -1). Suppose d = p*d. Suppose -3*i + i + n + 28 = d, -2*i + 48 = 4*n. What are the prime factors of i?
2
Suppose -2*q + 3*q = 0. Suppose 0 = -3*g + 4 + 17. Suppose g = -q*w + w. What are the prime factors of w?
7
Suppose -2*u + 4 - 9 = 5*v, 3*u + 12 = -3*v. Let i = 1 + 7. Let n = i + v. List the prime factors of n.
3
Let v(w) = -w - 2. Suppose -6 = 4*l + 6. Let t be v(l). List the prime factors of (0 + t + 0)*5.
5
Suppose 3*y - 204 = -3*j + 6*y, -2*y = -4*j + 266. What are the prime factors of j?
5, 13
Suppose a - 81 + 24 = 0. List the prime factors of a.
3, 19
Let r(t) = 4*t + 5. What are the prime factors of r(3)?
17
Let w(p) = p**3 + 3*p**2 + 2*p + 3. Let s = 9 + -1. Suppose -5*k + k - s = 0. What are the prime factors of w(k)?
3
What are the prime factors of -2*25/1*(-6 - -5)?
2, 5
Suppose -5*n + 4*v = -1920, -v = -2*n + 2*v + 775. List the prime factors of n.
2, 5, 19
Let g(a) = -a - 1. Let i be g(-5). Suppose q + 1 - i = 0. Suppose -2*s = q*s - 35. List the prime factors of s.
7
Let y(a) = a**2 - 2*a - 2. Suppose -3*g + 2*t + 20 = 0, 0 = g - t - 4 - 4. What are the prime factors of y(g)?
2, 3
Let x(r) = -r. Let z be x(8). Let g = 13 + z. Suppose -s - 48 = -g*s. List the prime factors of s.
2, 3
Suppose -3*o - 12 = 3*z, 2*z + z = -5*o - 14. Let d be (-30)/z - (-2 - 0). List the prime factors of (d/(-15))/((-2)/20).
2
Suppose m = -m - 3*o + 9, -4*m - 5*o + 15 = 0. Suppose -5*t + 5*d = -120, m = t + t - 3*d - 48. List the prime factors of t.
2, 3
Let u = -5 - -15. Let v be (-44)/u*(-7 - -2). Suppose -14 = -i + 4*d, 3*i = 3*d - d + v. What are the prime factors of i?
2, 3
Let w = 59 - 85. Let h = w - -41. List the prime factors of (0 - 3/(-9))*h.
5
Let r = 0 + 1. Let y = 8 - 5. Let o = y + r. List the prime factors of o.
2
Let p(b) = -b**2 + b - 18. Let c be p(0). Let r = c + 30. What are the prime factors of r?
2, 3
Suppose -3*p + 8 = p. Suppose 2*j - 2*g - p*g - 6 = 0, 4*g = -4*j + 24. Suppose u = -5*a + 30, -j*a + 4*u + u = -60. List the prime factors of a.
7
Let r(y) = -y + 11. Let w be r(8). Let i(q) = -3 + 4*q**w - q - 5*q**3 + 6*q + 0*q**3 - 5*q**2. What are the prime factors of i(-6)?
3
Let o(d) = 16*d**2 - d + 6. List the prime factors of o(2).
2, 17
Suppose -3*x + m - 21 = 0, -5*x - m = 48 - 13. Let i = x - -12. List the prime factors of ((-4)/5)/((-1)/i).
2
Let w(n) = n**3 + 4*n**2 - 5*n - 5. What are the prime factors of w(-4)?
3, 5
Let b = 144 + -4. List the prime factors of b.
2, 5, 7
Suppose 4*u + 16 = 0, 0 = 2*y - 2*u - 50 + 18. What are the prime factors of y?
2, 3
Let h = 39 + 122. List the prime factors of h.
7, 23
Let t = -9 + 11. Let f(b) = -2 + 3 + 0*b**t + 2*b + b**2 + 5*b. List the prime factors of f(-9).
19
Suppose 3*g + 2*g = 105. Let q = g - 13. What are the prime factors of q?
2
Let r(l) = 4*l**2 - 2*l - 5. Let v be r(-5). Let b be ((-4)/10)/((-3)/v). Let t = b + -7. List the prime factors of t.
7
Let w(f) = -2*f - 4. Let x be w(-3). List the prime factors of ((-4)/6)/(x/(-33)).
11
Let a(y) = 7*y - 3. What are the prime factors of a(5)?
2
Let x(j) = -22*j + 1. Let i be x(-3). Suppose 5*g - 357 = -i. List the prime factors of g.
2, 29
Let t be (1 - 0)*(-4 - -4). Let a(i) = t*i + 2*i**3 - 2*i - 5*i**2 + 2 + i**2 + 0*i. List the prime factors of a(3).
2, 7
Suppose -52 = -11*i + 707. What are the prime factors of i?
3, 23
Suppose -3*s - u + 29 = 0, -2*s - 3*u + u = -18. Let t be ((-24)/s)/((-2)/25). Suppose -5*j - 2*g + 21 + t = 0, 4*g = 4*j - 52. List the prime factors of j.
11
Let w(i) be the second derivative of 2*i**2 + 1/12*i**4 - 2/3*i**3 - 2*i + 0. What are the prime factors of w(4)?
2
Let v = 269 - 185. List the prime factors of v.
2, 3, 7
Suppose 5*j - 10 = 3*w, -w = 5*j + 4*w + 30. What are the prime factors of -2 + -3 + (-7)/j?
2
Let l(w) = 30*w**2 + w - 1. What are the prime factors of l(-1)?
2, 7
Let r(f) = -f**2 + 6*f - 2. Let u be r(5). Suppose 0 = -u*t - 4 + 7. List the prime factors of ((-1)/(-3) - t)*-9.
2, 3
Let x be (-2 + 3)/(-2)*-8. Suppose 2*b - x*q - 9 = 11, 3*b + 14 = -5*q. Suppose 3*i - c + 1 = 25, 4*i - b*c = 32. What are the prime factors of i?
2
Let m(n) = 2*n**2 + 2*n + 2. Let r be m(-2). Let u = 9 - r. List the prime factors of u.
3
Suppose -4*u = -2 - 10. Suppose r = u*r - 18. List the prime factors of r.
3
Let f(x) = x**2 - x + 1. Let i = 4 + -3. Let d be f(i). What are the prime factors of (8/(-6))/(d/(-3))?
2
Let u(y) = 3*y - 6. Let o be u(8). Let j be ((-5)/(-15))/(2/o). Suppose -35 = -j*w - g, -34 = -3*w + g - 3*g. List the prime factors of w.
2, 3
Let k be 3/2*20/15. Suppose -2*v - 3*v + 55 = 0. Suppose v - k = c. List the prime factors of c.
3
List the prime factors of (405/(-18))/(1/(-6)).
3, 5
Suppose 0 = -2*o - 2 + 12. Suppose 3*s - m - 12 = -4*m, -2*s = o*m + 4. What are the prime factors of s?
2
Let p = 10 + -4. What are the prime factors of p?
2, 3
Suppose 2*r = -5*g + 355, 115 = 2*g - 4*r - 51. List the prime factors of g.
73
Let x = 8 - 1. Let q = x - 2. List the prime factors of q.
5
Let r = 1 - 1. Suppose r*i - 2*i + 36 = 0. What are the prime factors of i?
2, 3
Let z be ((-4)/6)/((-4)/72). Let t = 27 - z. List the prime factors of t.
3, 5
Let f(m) = -2*m + 1 + 3*m - 3. Let b be f(4). What are the prime factors of (2/3)/(b/9)?
3
Let t = 42 + -24. What are the prime factors of (-26)/(-4) + t/12?
2
Let s(f) = -6*f**2 + f - 1. Let x be s(1). List the prime factors of ((-77)/(-21))/((-2)/x).
11
Let m(f) = f**3 + 5*f**2 - 4. Let b be m(-4). Suppose -s = s + b. Let i = -1 - s. List the prime factors of i.
5
Let k(y) = 2*y**3 - 6*y**2 - 7*y + 5. Let t be k(5). Suppose -2*s + t = 4*w, -22 = 2*w + 2*s - 56. List the prime factors of w.
2, 3
Let u(x) = -2*x**3 - x - 1. Let z be u(-1). Let c = z + 3. List the prime factors of (36/10)/(2/c).
3
Suppose -k - 4 - 7 = 0. Let h = k + 29. Let z = h + -13. List the prime factors of z.
5
Let g(m) = -9*m + 15. Let j be g(-5). Let n = j - 42. List the prime factors of n.
2, 3
Suppose 0 = -4*d + 2*k + 14, -3*d + k + 10 = -0. Suppose -d*h + 3*x = -147, -3*h + 172 = h + 4*x. List the prime factors of h.
2, 23
Let k = 7 - 2. Let j be (-2)/(-4)*(-1 + 9). Suppose j*w - k*a = 5, -5*w + 3*a - a = -19. List the prime factors of w.
5
Let t(u) = u**3 + 5*u**2 - 5*u - 3. Let l(w) = -w - 3. Let p be l(3). Let b be t(p). What are the prime factors of 4/6*b/(-2)?
3
Let k = 18 - 12. Let n(q) = -q + 12. Let m be n(8). Let w = k + m. List the prime factors of w.
2, 5
Let i be (2 + -2)*1/(-2). Suppose -3*r + 2*r = i. Suppose 0 = -r*p + 2*p - 22. List the prime factors of p.
11
Let r(w) = -w**3 + 3*w**2 + 5*w - 4. Let y be 0/(0 + 1 - -1). Suppose y*k = k - 3. List the prime factors of r(k).
11
Let v = 8 + -5. Let n = 9 - v. What are the prime factors of n?
2, 3
Let t(b) be the first derivative of 16*b - 3 + 1/2*b**2. What are the prime factors of t(0)?
2
Let w(h) = 4*h**2 + 2. Let u(c) = -c**3 - 15*c**2 - 14*c + 3. Let d be u